{"id":137,"date":"2018-02-09T12:34:31","date_gmt":"2018-02-09T11:34:31","guid":{"rendered":"http:\/\/boxdorfer-bauernhof.de\/?page_id=137"},"modified":"2021-01-19T06:00:16","modified_gmt":"2021-01-19T05:00:16","slug":"nachzucht","status":"publish","type":"page","link":"http:\/\/boxdorfer-bauernhof.de\/?page_id=137","title":{"rendered":"Nachzucht"},"content":{"rendered":"<h1>NEU NEU NEU 2018<\/h1>\n<p><img loading=\"lazy\" decoding=\"async\" class=\"size-medium wp-image-143 aligncenter\" src=\"http:\/\/boxdorfer-bauernhof.de\/wp-content\/uploads\/2018\/02\/66F75DAD-38AE-4D44-BD94-C73DE05CC9E5-e1518175538472-225x300.jpeg\" alt=\"\" width=\"225\" height=\"300\" srcset=\"http:\/\/boxdorfer-bauernhof.de\/wp-content\/uploads\/2018\/02\/66F75DAD-38AE-4D44-BD94-C73DE05CC9E5-e1518175538472-225x300.jpeg 225w, http:\/\/boxdorfer-bauernhof.de\/wp-content\/uploads\/2018\/02\/66F75DAD-38AE-4D44-BD94-C73DE05CC9E5-e1518175538472-768x1024.jpeg 768w\" sizes=\"auto, (max-width: 225px) 100vw, 225px\" \/><\/p>\n<p>wir z\u00fcchten unsere H\u00fchner und Wachteln selber dies sind unsere ersten K\u00fcken<\/p>\n","protected":false},"excerpt":{"rendered":"<p>NEU NEU NEU 2018 wir z\u00fcchten unsere H\u00fchner und Wachteln selber dies sind unsere ersten K\u00fcken<\/p>\n","protected":false},"author":1,"featured_media":0,"parent":0,"menu_order":0,"comment_status":"closed","ping_status":"closed","template":"","meta":{"_regular_price":[],"currency_symbol":[],"footnotes":""},"class_list":["post-137","page","type-page","status-publish","hentry"],"post_slider_layout_featured_media_urls":{"thumbnail":"","post_slider_layout_landscape_large":"","post_slider_layout_portrait_large":"","post_slider_layout_square_large":"","post_slider_layout_landscape":"","post_slider_layout_portrait":"","post_slider_layout_square":"","full":""},"_links":{"self":[{"href":"http:\/\/boxdorfer-bauernhof.de\/index.php?rest_route=\/wp\/v2\/pages\/137","targetHints":{"allow":["GET"]}}],"collection":[{"href":"http:\/\/boxdorfer-bauernhof.de\/index.php?rest_route=\/wp\/v2\/pages"}],"about":[{"href":"http:\/\/boxdorfer-bauernhof.de\/index.php?rest_route=\/wp\/v2\/types\/page"}],"author":[{"embeddable":true,"href":"http:\/\/boxdorfer-bauernhof.de\/index.php?rest_route=\/wp\/v2\/users\/1"}],"replies":[{"embeddable":true,"href":"http:\/\/boxdorfer-bauernhof.de\/index.php?rest_route=%2Fwp%2Fv2%2Fcomments&post=137"}],"version-history":[{"count":4,"href":"http:\/\/boxdorfer-bauernhof.de\/index.php?rest_route=\/wp\/v2\/pages\/137\/revisions"}],"predecessor-version":[{"id":259,"href":"http:\/\/boxdorfer-bauernhof.de\/index.php?rest_route=\/wp\/v2\/pages\/137\/revisions\/259"}],"wp:attachment":[{"href":"http:\/\/boxdorfer-bauernhof.de\/index.php?rest_route=%2Fwp%2Fv2%2Fmedia&parent=137"}],"curies":[{"name":"wp","href":"https:\/\/api.w.org\/{rel}","templated":true}]}}

<h1>NEU NEU NEU 2018</h1>
<p><img loading="lazy" decoding="async" class="size-medium wp-image-143 aligncenter" src="http://boxdorfer-bauernhof.de/wp-content/uploads/2018/02/66F75DAD-38AE-4D44-BD94-C73DE05CC9E5-e1518175538472-225x300.jpeg" alt="" width="225" height="300" srcset="http://boxdorfer-bauernhof.de/wp-content/uploads/2018/02/66F75DAD-38AE-4D44-BD94-C73DE05CC9E5-e1518175538472-225x300.jpeg 225w, http://boxdorfer-bauernhof.de/wp-content/uploads/2018/02/66F75DAD-38AE-4D44-BD94-C73DE05CC9E5-e1518175538472-768x1024.jpeg 768w" sizes="auto, (max-width: 225px) 100vw, 225px" /></p>
<p>wir züchten unsere Hühner und Wachteln selber dies sind unsere ersten Küken</p>

<p>NEU NEU NEU 2018 wir züchten unsere Hühner und Wachteln selber dies sind unsere ersten Küken</p>
