{"id":41,"date":"2016-09-03T11:20:27","date_gmt":"2016-09-03T11:20:27","guid":{"rendered":"http:\/\/boxdorfer-bauernhof.de\/?page_id=41"},"modified":"2021-01-19T05:53:32","modified_gmt":"2021-01-19T04:53:32","slug":"huehnereier","status":"publish","type":"page","link":"http:\/\/boxdorfer-bauernhof.de\/?page_id=41","title":{"rendered":"H\u00fchnereier"},"content":{"rendered":"<p><img loading=\"lazy\" decoding=\"async\" class=\"size-medium wp-image-30 aligncenter\" src=\"http:\/\/boxdorfer-bauernhof.de\/wp-content\/uploads\/2016\/08\/image-1-300x225.jpeg\" alt=\"image\" width=\"300\" height=\"225\" srcset=\"http:\/\/boxdorfer-bauernhof.de\/wp-content\/uploads\/2016\/08\/image-1-300x225.jpeg 300w, http:\/\/boxdorfer-bauernhof.de\/wp-content\/uploads\/2016\/08\/image-1-768x576.jpeg 768w, http:\/\/boxdorfer-bauernhof.de\/wp-content\/uploads\/2016\/08\/image-1-1024x768.jpeg 1024w, http:\/\/boxdorfer-bauernhof.de\/wp-content\/uploads\/2016\/08\/image-1-624x468.jpeg 624w, http:\/\/boxdorfer-bauernhof.de\/wp-content\/uploads\/2016\/08\/image-1-240x180.jpeg 240w\" sizes=\"auto, (max-width: 300px) 100vw, 300px\" \/><strong>Unsere H\u00fchnereier sind aus <\/strong><\/p>\n<p><strong>BIO Haltung<\/strong><\/p>\n<p>Das hei\u00dft unsere H\u00fchner sind T\u00e4glich mindestens 10 Stunden im Freigel\u00e4nde und werden nur mit Biologisch erzeugtem Futter gef\u00fcttert.<\/p>\n<p><img loading=\"lazy\" decoding=\"async\" class=\"size-medium wp-image-208 aligncenter\" src=\"http:\/\/boxdorfer-bauernhof.de\/wp-content\/uploads\/2020\/10\/IMG_3250-300x225.jpg\" alt=\"\" width=\"300\" height=\"225\" srcset=\"http:\/\/boxdorfer-bauernhof.de\/wp-content\/uploads\/2020\/10\/IMG_3250-300x225.jpg 300w, http:\/\/boxdorfer-bauernhof.de\/wp-content\/uploads\/2020\/10\/IMG_3250-1024x768.jpg 1024w, http:\/\/boxdorfer-bauernhof.de\/wp-content\/uploads\/2020\/10\/IMG_3250-768x576.jpg 768w, http:\/\/boxdorfer-bauernhof.de\/wp-content\/uploads\/2020\/10\/IMG_3250-1536x1152.jpg 1536w, http:\/\/boxdorfer-bauernhof.de\/wp-content\/uploads\/2020\/10\/IMG_3250-2048x1536.jpg 2048w\" sizes=\"auto, (max-width: 300px) 100vw, 300px\" \/><\/p>\n","protected":false},"excerpt":{"rendered":"<p>Unsere H\u00fchnereier sind aus BIO Haltung Das hei\u00dft unsere H\u00fchner sind T\u00e4glich mindestens 10 Stunden im Freigel\u00e4nde und werden nur mit Biologisch erzeugtem Futter gef\u00fcttert.<\/p>\n","protected":false},"author":1,"featured_media":0,"parent":4,"menu_order":0,"comment_status":"closed","ping_status":"closed","template":"","meta":{"_regular_price":[],"currency_symbol":[],"footnotes":""},"class_list":["post-41","page","type-page","status-publish","hentry"],"post_slider_layout_featured_media_urls":{"thumbnail":"","post_slider_layout_landscape_large":"","post_slider_layout_portrait_large":"","post_slider_layout_square_large":"","post_slider_layout_landscape":"","post_slider_layout_portrait":"","post_slider_layout_square":"","full":""},"_links":{"self":[{"href":"http:\/\/boxdorfer-bauernhof.de\/index.php?rest_route=\/wp\/v2\/pages\/41","targetHints":{"allow":["GET"]}}],"collection":[{"href":"http:\/\/boxdorfer-bauernhof.de\/index.php?rest_route=\/wp\/v2\/pages"}],"about":[{"href":"http:\/\/boxdorfer-bauernhof.de\/index.php?rest_route=\/wp\/v2\/types\/page"}],"author":[{"embeddable":true,"href":"http:\/\/boxdorfer-bauernhof.de\/index.php?rest_route=\/wp\/v2\/users\/1"}],"replies":[{"embeddable":true,"href":"http:\/\/boxdorfer-bauernhof.de\/index.php?rest_route=%2Fwp%2Fv2%2Fcomments&post=41"}],"version-history":[{"count":7,"href":"http:\/\/boxdorfer-bauernhof.de\/index.php?rest_route=\/wp\/v2\/pages\/41\/revisions"}],"predecessor-version":[{"id":255,"href":"http:\/\/boxdorfer-bauernhof.de\/index.php?rest_route=\/wp\/v2\/pages\/41\/revisions\/255"}],"up":[{"embeddable":true,"href":"http:\/\/boxdorfer-bauernhof.de\/index.php?rest_route=\/wp\/v2\/pages\/4"}],"wp:attachment":[{"href":"http:\/\/boxdorfer-bauernhof.de\/index.php?rest_route=%2Fwp%2Fv2%2Fmedia&parent=41"}],"curies":[{"name":"wp","href":"https:\/\/api.w.org\/{rel}","templated":true}]}}