{"id":85,"date":"2017-03-03T15:30:01","date_gmt":"2017-03-03T14:30:01","guid":{"rendered":"http:\/\/boxdorfer-bauernhof.de\/?page_id=85"},"modified":"2021-01-19T05:58:05","modified_gmt":"2021-01-19T04:58:05","slug":"wachteleier","status":"publish","type":"page","link":"http:\/\/boxdorfer-bauernhof.de\/?page_id=85","title":{"rendered":"Wachteleier"},"content":{"rendered":"<p><img loading=\"lazy\" decoding=\"async\" class=\"size-medium wp-image-174 aligncenter\" src=\"http:\/\/boxdorfer-bauernhof.de\/wp-content\/uploads\/2020\/04\/IMG_2904-225x300.jpg\" alt=\"\" width=\"225\" height=\"300\" srcset=\"http:\/\/boxdorfer-bauernhof.de\/wp-content\/uploads\/2020\/04\/IMG_2904-225x300.jpg 225w, http:\/\/boxdorfer-bauernhof.de\/wp-content\/uploads\/2020\/04\/IMG_2904-768x1024.jpg 768w, http:\/\/boxdorfer-bauernhof.de\/wp-content\/uploads\/2020\/04\/IMG_2904-1152x1536.jpg 1152w, http:\/\/boxdorfer-bauernhof.de\/wp-content\/uploads\/2020\/04\/IMG_2904-1536x2048.jpg 1536w, http:\/\/boxdorfer-bauernhof.de\/wp-content\/uploads\/2020\/04\/IMG_2904-scaled.jpg 1920w\" sizes=\"auto, (max-width: 225px) 100vw, 225px\" \/>wir Z\u00fcchten unsere Wachteln st\u00e4ndig selber nach<\/p>\n<p>damit wir Sie immer mit Wachteleier versorgen k\u00f6nnen.<\/p>\n<p><img loading=\"lazy\" decoding=\"async\" class=\"size-medium wp-image-217 aligncenter\" src=\"http:\/\/boxdorfer-bauernhof.de\/wp-content\/uploads\/2020\/10\/IMG_3270-300x225.jpg\" alt=\"\" width=\"300\" height=\"225\" srcset=\"http:\/\/boxdorfer-bauernhof.de\/wp-content\/uploads\/2020\/10\/IMG_3270-300x225.jpg 300w, http:\/\/boxdorfer-bauernhof.de\/wp-content\/uploads\/2020\/10\/IMG_3270-1024x768.jpg 1024w, http:\/\/boxdorfer-bauernhof.de\/wp-content\/uploads\/2020\/10\/IMG_3270-768x576.jpg 768w, http:\/\/boxdorfer-bauernhof.de\/wp-content\/uploads\/2020\/10\/IMG_3270-1536x1152.jpg 1536w, http:\/\/boxdorfer-bauernhof.de\/wp-content\/uploads\/2020\/10\/IMG_3270-2048x1536.jpg 2048w\" sizes=\"auto, (max-width: 300px) 100vw, 300px\" \/><\/p>\n<p>Die Au\u00dfen Voliere<\/p>\n<p><img loading=\"lazy\" decoding=\"async\" class=\"size-medium wp-image-200 aligncenter\" style=\"font-size: 16px;\" src=\"http:\/\/boxdorfer-bauernhof.de\/wp-content\/uploads\/2020\/10\/IMG_3242-225x300.jpg\" alt=\"\" width=\"225\" height=\"300\" srcset=\"http:\/\/boxdorfer-bauernhof.de\/wp-content\/uploads\/2020\/10\/IMG_3242-225x300.jpg 225w, http:\/\/boxdorfer-bauernhof.de\/wp-content\/uploads\/2020\/10\/IMG_3242-1152x1536.jpg 1152w, http:\/\/boxdorfer-bauernhof.de\/wp-content\/uploads\/2020\/10\/IMG_3242-1536x2048.jpg 1536w, http:\/\/boxdorfer-bauernhof.de\/wp-content\/uploads\/2020\/10\/IMG_3242-scaled.jpg 1920w\" sizes=\"auto, (max-width: 225px) 100vw, 225px\" \/><\/p>\n<p>erh\u00e4ltlich seit 1. Oktober bei uns im Hofladen<\/p>\n","protected":false},"excerpt":{"rendered":"<p>wir Z\u00fcchten unsere Wachteln st\u00e4ndig selber nach damit wir Sie immer mit Wachteleier versorgen k\u00f6nnen. Die Au\u00dfen Voliere erh\u00e4ltlich seit 1. Oktober bei uns im Hofladen<\/p>\n","protected":false},"author":1,"featured_media":0,"parent":4,"menu_order":0,"comment_status":"closed","ping_status":"closed","template":"","meta":{"_regular_price":[],"currency_symbol":[],"footnotes":""},"class_list":["post-85","page","type-page","status-publish","hentry"],"post_slider_layout_featured_media_urls":{"thumbnail":"","post_slider_layout_landscape_large":"","post_slider_layout_portrait_large":"","post_slider_layout_square_large":"","post_slider_layout_landscape":"","post_slider_layout_portrait":"","post_slider_layout_square":"","full":""},"_links":{"self":[{"href":"http:\/\/boxdorfer-bauernhof.de\/index.php?rest_route=\/wp\/v2\/pages\/85","targetHints":{"allow":["GET"]}}],"collection":[{"href":"http:\/\/boxdorfer-bauernhof.de\/index.php?rest_route=\/wp\/v2\/pages"}],"about":[{"href":"http:\/\/boxdorfer-bauernhof.de\/index.php?rest_route=\/wp\/v2\/types\/page"}],"author":[{"embeddable":true,"href":"http:\/\/boxdorfer-bauernhof.de\/index.php?rest_route=\/wp\/v2\/users\/1"}],"replies":[{"embeddable":true,"href":"http:\/\/boxdorfer-bauernhof.de\/index.php?rest_route=%2Fwp%2Fv2%2Fcomments&post=85"}],"version-history":[{"count":10,"href":"http:\/\/boxdorfer-bauernhof.de\/index.php?rest_route=\/wp\/v2\/pages\/85\/revisions"}],"predecessor-version":[{"id":257,"href":"http:\/\/boxdorfer-bauernhof.de\/index.php?rest_route=\/wp\/v2\/pages\/85\/revisions\/257"}],"up":[{"embeddable":true,"href":"http:\/\/boxdorfer-bauernhof.de\/index.php?rest_route=\/wp\/v2\/pages\/4"}],"wp:attachment":[{"href":"http:\/\/boxdorfer-bauernhof.de\/index.php?rest_route=%2Fwp%2Fv2%2Fmedia&parent=85"}],"curies":[{"name":"wp","href":"https:\/\/api.w.org\/{rel}","templated":true}]}}