{"id":235,"date":"2020-10-13T14:09:12","date_gmt":"2020-10-13T13:09:12","guid":{"rendered":"http:\/\/boxdorfer-bauernhof.de\/?page_id=235"},"modified":"2021-01-19T06:02:31","modified_gmt":"2021-01-19T05:02:31","slug":"selbstbedienungs-hofladen","status":"publish","type":"page","link":"https:\/\/boxdorfer-bauernhof.de\/?page_id=235","title":{"rendered":"Selbstbedienung\u00b4s Hofladen"},"content":{"rendered":"<h1><\/h1>\n<p>seit 1.Oktober 2020 Er\u00f6ffnet<\/p>\n<p><img loading=\"lazy\" decoding=\"async\" class=\"size-medium wp-image-199 aligncenter\" src=\"http:\/\/boxdorfer-bauernhof.de\/wp-content\/uploads\/2020\/10\/IMG_3230-225x300.jpg\" alt=\"\" width=\"225\" height=\"300\" srcset=\"https:\/\/boxdorfer-bauernhof.de\/wp-content\/uploads\/2020\/10\/IMG_3230-225x300.jpg 225w, https:\/\/boxdorfer-bauernhof.de\/wp-content\/uploads\/2020\/10\/IMG_3230-1152x1536.jpg 1152w, https:\/\/boxdorfer-bauernhof.de\/wp-content\/uploads\/2020\/10\/IMG_3230-1536x2048.jpg 1536w, https:\/\/boxdorfer-bauernhof.de\/wp-content\/uploads\/2020\/10\/IMG_3230-scaled.jpg 1920w\" sizes=\"auto, (max-width: 225px) 100vw, 225px\" \/><img loading=\"lazy\" decoding=\"async\" class=\"size-medium wp-image-208 aligncenter\" src=\"http:\/\/boxdorfer-bauernhof.de\/wp-content\/uploads\/2020\/10\/IMG_3250-300x225.jpg\" alt=\"\" width=\"300\" height=\"225\" srcset=\"https:\/\/boxdorfer-bauernhof.de\/wp-content\/uploads\/2020\/10\/IMG_3250-300x225.jpg 300w, https:\/\/boxdorfer-bauernhof.de\/wp-content\/uploads\/2020\/10\/IMG_3250-1024x768.jpg 1024w, https:\/\/boxdorfer-bauernhof.de\/wp-content\/uploads\/2020\/10\/IMG_3250-768x576.jpg 768w, https:\/\/boxdorfer-bauernhof.de\/wp-content\/uploads\/2020\/10\/IMG_3250-1536x1152.jpg 1536w, https:\/\/boxdorfer-bauernhof.de\/wp-content\/uploads\/2020\/10\/IMG_3250-2048x1536.jpg 2048w\" sizes=\"auto, (max-width: 300px) 100vw, 300px\" \/><img loading=\"lazy\" decoding=\"async\" class=\"size-medium wp-image-207 aligncenter\" src=\"http:\/\/boxdorfer-bauernhof.de\/wp-content\/uploads\/2020\/10\/IMG_3249-300x225.jpg\" alt=\"\" width=\"300\" height=\"225\" srcset=\"https:\/\/boxdorfer-bauernhof.de\/wp-content\/uploads\/2020\/10\/IMG_3249-300x225.jpg 300w, https:\/\/boxdorfer-bauernhof.de\/wp-content\/uploads\/2020\/10\/IMG_3249-1024x768.jpg 1024w, https:\/\/boxdorfer-bauernhof.de\/wp-content\/uploads\/2020\/10\/IMG_3249-768x576.jpg 768w, https:\/\/boxdorfer-bauernhof.de\/wp-content\/uploads\/2020\/10\/IMG_3249-1536x1152.jpg 1536w, https:\/\/boxdorfer-bauernhof.de\/wp-content\/uploads\/2020\/10\/IMG_3249-2048x1536.jpg 2048w\" sizes=\"auto, (max-width: 300px) 100vw, 300px\" \/><img loading=\"lazy\" decoding=\"async\" class=\"size-medium wp-image-204 aligncenter\" src=\"http:\/\/boxdorfer-bauernhof.de\/wp-content\/uploads\/2020\/10\/IMG_3246-225x300.jpg\" alt=\"\" width=\"225\" height=\"300\" srcset=\"https:\/\/boxdorfer-bauernhof.de\/wp-content\/uploads\/2020\/10\/IMG_3246-225x300.jpg 225w, https:\/\/boxdorfer-bauernhof.de\/wp-content\/uploads\/2020\/10\/IMG_3246-1152x1536.jpg 1152w, https:\/\/boxdorfer-bauernhof.de\/wp-content\/uploads\/2020\/10\/IMG_3246-1536x2048.jpg 1536w, https:\/\/boxdorfer-bauernhof.de\/wp-content\/uploads\/2020\/10\/IMG_3246-scaled.jpg 1920w\" sizes=\"auto, (max-width: 225px) 100vw, 225px\" \/><img loading=\"lazy\" decoding=\"async\" class=\"size-medium wp-image-203 aligncenter\" src=\"http:\/\/boxdorfer-bauernhof.de\/wp-content\/uploads\/2020\/10\/IMG_3245-225x300.jpg\" alt=\"\" width=\"225\" height=\"300\" srcset=\"https:\/\/boxdorfer-bauernhof.de\/wp-content\/uploads\/2020\/10\/IMG_3245-225x300.jpg 225w, https:\/\/boxdorfer-bauernhof.de\/wp-content\/uploads\/2020\/10\/IMG_3245-1152x1536.jpg 1152w, https:\/\/boxdorfer-bauernhof.de\/wp-content\/uploads\/2020\/10\/IMG_3245-1536x2048.jpg 1536w, https:\/\/boxdorfer-bauernhof.de\/wp-content\/uploads\/2020\/10\/IMG_3245-scaled.jpg 1920w\" sizes=\"auto, (max-width: 225px) 100vw, 225px\" \/><img loading=\"lazy\" decoding=\"async\" class=\"size-medium wp-image-219 aligncenter\" src=\"http:\/\/boxdorfer-bauernhof.de\/wp-content\/uploads\/2020\/10\/IMG_3272-225x300.jpg\" alt=\"\" width=\"225\" height=\"300\" srcset=\"https:\/\/boxdorfer-bauernhof.de\/wp-content\/uploads\/2020\/10\/IMG_3272-225x300.jpg 225w, https:\/\/boxdorfer-bauernhof.de\/wp-content\/uploads\/2020\/10\/IMG_3272-1152x1536.jpg 1152w, https:\/\/boxdorfer-bauernhof.de\/wp-content\/uploads\/2020\/10\/IMG_3272-1536x2048.jpg 1536w, https:\/\/boxdorfer-bauernhof.de\/wp-content\/uploads\/2020\/10\/IMG_3272-scaled.jpg 1920w\" sizes=\"auto, (max-width: 225px) 100vw, 225px\" \/><img loading=\"lazy\" decoding=\"async\" class=\"size-medium wp-image-194 aligncenter\" src=\"http:\/\/boxdorfer-bauernhof.de\/wp-content\/uploads\/2020\/10\/IMG_3220-300x225.jpg\" alt=\"\" width=\"300\" height=\"225\" srcset=\"https:\/\/boxdorfer-bauernhof.de\/wp-content\/uploads\/2020\/10\/IMG_3220-300x225.jpg 300w, https:\/\/boxdorfer-bauernhof.de\/wp-content\/uploads\/2020\/10\/IMG_3220-1024x768.jpg 1024w, https:\/\/boxdorfer-bauernhof.de\/wp-content\/uploads\/2020\/10\/IMG_3220-768x576.jpg 768w, https:\/\/boxdorfer-bauernhof.de\/wp-content\/uploads\/2020\/10\/IMG_3220-1536x1152.jpg 1536w, https:\/\/boxdorfer-bauernhof.de\/wp-content\/uploads\/2020\/10\/IMG_3220-2048x1536.jpg 2048w\" sizes=\"auto, (max-width: 300px) 100vw, 300px\" \/><img loading=\"lazy\" decoding=\"async\" class=\"size-medium wp-image-195 aligncenter\" src=\"http:\/\/boxdorfer-bauernhof.de\/wp-content\/uploads\/2020\/10\/IMG_3221-300x225.jpg\" alt=\"\" width=\"300\" height=\"225\" srcset=\"https:\/\/boxdorfer-bauernhof.de\/wp-content\/uploads\/2020\/10\/IMG_3221-300x225.jpg 300w, https:\/\/boxdorfer-bauernhof.de\/wp-content\/uploads\/2020\/10\/IMG_3221-1024x768.jpg 1024w, https:\/\/boxdorfer-bauernhof.de\/wp-content\/uploads\/2020\/10\/IMG_3221-768x576.jpg 768w, https:\/\/boxdorfer-bauernhof.de\/wp-content\/uploads\/2020\/10\/IMG_3221-1536x1152.jpg 1536w, https:\/\/boxdorfer-bauernhof.de\/wp-content\/uploads\/2020\/10\/IMG_3221-2048x1536.jpg 2048w\" sizes=\"auto, (max-width: 300px) 100vw, 300px\" \/>wir f\u00fchlen t\u00e4glich nach<\/p>\n<p>&nbsp;<\/p>\n","protected":false},"excerpt":{"rendered":"<p>seit 1.Oktober 2020 Er\u00f6ffnet wir f\u00fchlen t\u00e4glich nach &nbsp;<\/p>\n","protected":false},"author":1,"featured_media":0,"parent":0,"menu_order":0,"comment_status":"closed","ping_status":"closed","template":"","meta":{"_regular_price":[],"currency_symbol":[],"footnotes":""},"class_list":["post-235","page","type-page","status-publish","hentry"],"post_slider_layout_featured_media_urls":{"thumbnail":"","post_slider_layout_landscape_large":"","post_slider_layout_portrait_large":"","post_slider_layout_square_large":"","post_slider_layout_landscape":"","post_slider_layout_portrait":"","post_slider_layout_square":"","full":""},"_links":{"self":[{"href":"https:\/\/boxdorfer-bauernhof.de\/index.php?rest_route=\/wp\/v2\/pages\/235","targetHints":{"allow":["GET"]}}],"collection":[{"href":"https:\/\/boxdorfer-bauernhof.de\/index.php?rest_route=\/wp\/v2\/pages"}],"about":[{"href":"https:\/\/boxdorfer-bauernhof.de\/index.php?rest_route=\/wp\/v2\/types\/page"}],"author":[{"embeddable":true,"href":"https:\/\/boxdorfer-bauernhof.de\/index.php?rest_route=\/wp\/v2\/users\/1"}],"replies":[{"embeddable":true,"href":"https:\/\/boxdorfer-bauernhof.de\/index.php?rest_route=%2Fwp%2Fv2%2Fcomments&post=235"}],"version-history":[{"count":3,"href":"https:\/\/boxdorfer-bauernhof.de\/index.php?rest_route=\/wp\/v2\/pages\/235\/revisions"}],"predecessor-version":[{"id":261,"href":"https:\/\/boxdorfer-bauernhof.de\/index.php?rest_route=\/wp\/v2\/pages\/235\/revisions\/261"}],"wp:attachment":[{"href":"https:\/\/boxdorfer-bauernhof.de\/index.php?rest_route=%2Fwp%2Fv2%2Fmedia&parent=235"}],"curies":[{"name":"wp","href":"https:\/\/api.w.org\/{rel}","templated":true}]}}