{"id":98,"date":"2017-03-09T15:27:13","date_gmt":"2017-03-09T15:27:13","guid":{"rendered":"http:\/\/boxdorfer-bauernhof.de\/?page_id=98"},"modified":"2017-03-09T15:27:13","modified_gmt":"2017-03-09T15:27:13","slug":"huehner-info","status":"publish","type":"page","link":"https:\/\/boxdorfer-bauernhof.de\/?page_id=98","title":{"rendered":"H\u00fchner Info"},"content":{"rendered":"<h1><strong>Haltungsarten bei H\u00fchner<\/strong><\/h1>\n<p>\u00ad<\/p>\n<h2><strong>Bodenhaltung:<\/strong><\/h2>\n<p>die zur Zeit schlechteste zugelassene haltungsform in Deutschland! Bei der Bodenhaltung d\u00fcrfen die H\u00fchner nicht den Stall verlassen, pro qm Stallfl\u00e4che d\u00fcrfen 9 H\u00fchner gehalten werden.<\/p>\n<h2><strong>Freihlandhaltung:<\/strong><\/h2>\n<p>die ideale Haltungsform f\u00fcr H\u00fchner. Bei der Freihlandhaltung d\u00fcrfen die H\u00fchner 10 Stunden T\u00e4glich ins Freihgel\u00e4nde. Man darf 9 H\u00fchner pro qm Stallfl\u00e4che halten und muss pro Huhn 4 qm aussenfl\u00e4che haben.<\/p>\n<h2><strong>Biohaltung:<\/strong><\/h2>\n<p>die Teuerste haltungsform in Deutschland. Bei der Biohaltung darf man nur 6 H\u00fchner pro qm Stallfl\u00e4che halten und man braucht auch 4 qm Auslauf pro Huhn. Dazu kommt noch das Futter das nur Biologisch erzeugt werden darf.<\/p>\n","protected":false},"excerpt":{"rendered":"<p>Haltungsarten bei H\u00fchner \u00ad Bodenhaltung: die zur Zeit schlechteste zugelassene haltungsform in Deutschland! Bei der Bodenhaltung d\u00fcrfen die H\u00fchner nicht den Stall verlassen, pro qm Stallfl\u00e4che d\u00fcrfen 9 H\u00fchner gehalten werden. Freihlandhaltung: die ideale Haltungsform f\u00fcr H\u00fchner. Bei der Freihlandhaltung d\u00fcrfen die H\u00fchner 10 Stunden T\u00e4glich ins Freihgel\u00e4nde. Man darf 9 H\u00fchner pro qm Stallfl\u00e4che [&hellip;]<\/p>\n","protected":false},"author":1,"featured_media":0,"parent":0,"menu_order":0,"comment_status":"closed","ping_status":"closed","template":"","meta":{"_regular_price":[],"currency_symbol":[],"footnotes":""},"class_list":["post-98","page","type-page","status-publish","hentry"],"post_slider_layout_featured_media_urls":{"thumbnail":"","post_slider_layout_landscape_large":"","post_slider_layout_portrait_large":"","post_slider_layout_square_large":"","post_slider_layout_landscape":"","post_slider_layout_portrait":"","post_slider_layout_square":"","full":""},"_links":{"self":[{"href":"https:\/\/boxdorfer-bauernhof.de\/index.php?rest_route=\/wp\/v2\/pages\/98","targetHints":{"allow":["GET"]}}],"collection":[{"href":"https:\/\/boxdorfer-bauernhof.de\/index.php?rest_route=\/wp\/v2\/pages"}],"about":[{"href":"https:\/\/boxdorfer-bauernhof.de\/index.php?rest_route=\/wp\/v2\/types\/page"}],"author":[{"embeddable":true,"href":"https:\/\/boxdorfer-bauernhof.de\/index.php?rest_route=\/wp\/v2\/users\/1"}],"replies":[{"embeddable":true,"href":"https:\/\/boxdorfer-bauernhof.de\/index.php?rest_route=%2Fwp%2Fv2%2Fcomments&post=98"}],"version-history":[{"count":2,"href":"https:\/\/boxdorfer-bauernhof.de\/index.php?rest_route=\/wp\/v2\/pages\/98\/revisions"}],"predecessor-version":[{"id":100,"href":"https:\/\/boxdorfer-bauernhof.de\/index.php?rest_route=\/wp\/v2\/pages\/98\/revisions\/100"}],"wp:attachment":[{"href":"https:\/\/boxdorfer-bauernhof.de\/index.php?rest_route=%2Fwp%2Fv2%2Fmedia&parent=98"}],"curies":[{"name":"wp","href":"https:\/\/api.w.org\/{rel}","templated":true}]}}